, what is -1 - -2410443?
2410442
In base 4, what is -2013133133 + 2?
-2013133131
In base 2, what is -100 - -10001101011001?
10001101010101
In base 6, what is -3144 + 24?
-3120
In base 5, what is 204432202 + 3?
204432210
In base 12, what is -4 - -53b99?
53b95
In base 15, what is -97 - -c?
-8a
In base 12, what is b4 - -10783?
10877
In base 7, what is -60321 - -11?
-60310
In base 8, what is -1222616 + -3?
-1222621
In base 16, what is 11 + -1c6?
-1b5
In base 3, what is -212012100210 - 11?
-212012100221
In base 16, what is 917a + 3?
917d
In base 8, what is 276741 - -5?
276746
In base 4, what is 0 - -11213301?
11213301
In base 7, what is -3166022 + -2?
-3166024
In base 3, what is -1101211 + -1220?
-1110201
In base 2, what is 1000100100 - -10011?
1000110111
In base 5, what is 22123 + 13?
22141
In base 8, what is 373 + 1613?
2206
In base 15, what is 6c3 + -a?
6b8
In base 3, what is 0 - -10002112202?
10002112202
In base 3, what is 1122210122 + 120?
1122211012
In base 7, what is -4 - -1630?
1623
In base 2, what is 1010111110010 - 10100000?
1010101010010
In base 2, what is 100001101 + 110000010?
1010001111
In base 13, what is 5c3c - 6?
5c36
In base 12, what is 1619714 - -2?
1619716
In base 4, what is 1 + 2212211?
2212212
In base 7, what is -1 + 2106145?
2106144
In base 5, what is 22330001 - -1?
22330002
In base 6, what is -1232450 + -2?
-1232452
In base 4, what is -13223 - -32?
-13131
In base 15, what is -4b942 - 3?
-4b945
In base 11, what is 337287 + 0?
337287
In base 11, what is 230 + -119?
112
In base 13, what is 2712a - -5?
27132
In base 8, what is 20523 - 22?
20501
In base 5, what is -124044 + 1431?
-122113
In base 14, what is 2 + 126dc?
12700
In base 2, what is 111 - 11101111000110110?
-11101111000101111
In base 4, what is -11102230 - 11?
-11102301
In base 10, what is -4 + -30171?
-30175
In base 4, what is -31 - -1123002?
1122311
In base 2, what is -1100011 + 1011101001?
1010000110
In base 5, what is 2432 - -34134?
42121
In base 4, what is -2211101 - 0?
-2211101
In base 7, what is 521253 - -1?
521254
In base 11, what is 12a - 229?
-aa
In base 16, what is -1bbd - 72?
-1c2f
In base 3, what is -100 - 22002201110?
-22002201210
In base 11, what is -1 + -34985?
-34986
In base 2, what is 1000110101000010001 - 1?
1000110101000010000
In base 8, what is 16 + -251367?
-251351
In base 13, what is -47 - -27c?
235
In base 16, what is e - -21c?
22a
In base 11, what is 97221 + 0?
97221
In base 15, what is -c8c - a1?
-d3d
In base 16, what is -5 + efbf?
efba
In base 3, what is -2002010 - -2000?
-2000010
In base 6, what is 21 + 10335241?
10335302
In base 16, what is 3522 - -7?
3529
In base 11, what is -5686 - -1?
-5685
In base 9, what is -38137 - -5?
-38132
In base 10, what is -20 + -15037?
-15057
In base 3, what is -2 + -1000222012200?
-1000222012202
In base 7, what is 1554003 - 1?
1554002
In base 4, what is 3 - -2333000?
2333003
In base 13, what is -1 + 35c7?
35c6
In base 4, what is 1133333211 + -11?
1133333200
In base 11, what is -388 + 56?
-332
In base 13, what is 17cb + 13?
1811
In base 15, what is -3ba + -9?
-3c4
In base 2, what is 100 + -110111011010001011?
-110111011010000111
In base 13, what is -5ca880 - -5?
-5ca878
In base 10, what is -2 - 155556?
-155558
In base 14, what is 3 + 1b960?
1b963
In base 16, what is -221 - 2ca?
-4eb
In base 7, what is 205 - 11406?
-11201
In base 16, what is da34 + -2?
da32
In base 4, what is 13 - 10123021?
-10123002
In base 2, what is -1101011100110011 - 101?
-1101011100111000
In base 16, what is 10 - -1b93?
1ba3
In base 5, what is 23 - 2234232?
-2234204
In base 10, what is -24 - 3268?
-3292
In base 6, what is 11442 - 10?
11432
In base 14, what is 35 + 1b6?
20b
In base 7, what is -44325 - -2?
-44323
In base 16, what is 382 - 54?
32e
In base 7, what is -53546 - 40?
-53616
In base 8, what is 10 - 36520?
-36510
In base 10, what is -322519 + 2?
-322517
In base 7, what is 12 + 11461?
11503
In base 3, what is -1210110 + 2000002?
12122
In base 16, what is 1 - c5964?
-c5963
In base 14, what is 32 - -19?
4b
In base 12, what is -4 + -65?
-69
In base 3, what is -12202 + -1201?
-21110
In base 7, what is 3 + -14233?
-14230
In base 11, what is 1005 - -4?
1009
In base 16, what is a4 - -264?
308
In base 5, what is 10 + 1443144?
1443204
In base 4, what is -1201211 - 1?
-1201212
In base 8, what is -107 + 5656?
5547
In base 5, what is 13031234 + -2?
13031232
In base 9, what is 4065 - -33?
4108
In base 6, what is 302515 - 4?
302511
In base 16, what is c36 - -10f?
d45
In base 14, what is 6 - -3941?
3947
In base 15, what is 21351 - -8?
21359
In base 13, what is -3 - -13699?
13696
In base 7, what is -4 + 14220?
14213
In base 10, what is -107 - 1143?
-1250
In base 12, what is 6541aa - 3?
6541a7
In base 9, what is 213 + -568?
-355
In base 9, what is 75 + -7810?
-7724
In base 8, what is 607254 + -2?
607252
In base 8, what is 3 + 3555461?
3555464
In base 2, what is -1001 - 101000110001?
-101000111010
In base 15, what is 1914 + -8?
190b
In base 7, what is 1203 - -136?
1342
In base 12, what is -51 + -81?
-112
In base 3, what is -11 - -10121010202?
10121010121
In base 16, what is -47d5f + 4?
-47d5b
In base 11, what is 695084 + 4?
695088
In base 15, what is 31 + -7293?
-7262
In base 4, what is 302122 - -13?
302201
In base 4, what is 312 - 133212?
-132300
In base 11, what is -118 - -2762?
2645
In base 16, what is -1760 + -11?
-1771
In base 5, what is 0 - -21120?
21120
In base 2, what is -10101111010101 - -101?
-10101111010000
In base 9, what is -521 + -242?
-763
In base 13, what is -3814b - 10?
-3815b
In base 5, what is 304 + 10322?
11131
In base 3, what is 221021 + -122021?
22000
In base 4, what is 212203031 + -2?
212203023
In base 11, what is 5610a + 1?
56110
In base 11, what is -14 - 26012?
-26026
In base 12, what is 157a + -b7?
1483
In base 5, what is -2233233031 + -1?
-2233233032
In base 2, what is 1 - 10001010110011110100?
-10001010110011110011
In base 5, what is -132 + -2330442?
-2331124
In base 13, what is 2659c + 8?
265a7
In base 16, what is 363 - 431?
-ce
In base 2, what is -10101 + 1100001010000011?
1100001001101110
In base 2, what is -11111001110 + 11110?
-11110110000
In base 14, what is -7b711 + -8?
-7b719
In base 9, what is 1834 + -67?
1756
In base 14, what is -1 - -134b?
134a
In base 8, what is -2 - -117001?
116777
In base 5, what is -20 - 1324333?
-1324403
In base 12, what is 14 - -4b4b4?
4b508
In base 16, what is 2d8a - -4?
2d8e
In base 5, what is 22343 - 40?
22303
In base 12, what is 2 + -1b729?
-1b727
In base 4, what is 102333 - 313?
102020
In base 9, what is -2 - 7881?
-7883
In base 13, what is -2 - -506?
504
In base 2, what is -1101110010100111 - -101?
-1101110010100010
In base 15, what is -2c + 278?
24b
In base 8, what is 1 - 653266?
-653265
In base 3, what is 10 - -2000222001?
2000222011
In base 6, what is 4 + 25022010?
25022014
In base 7, what is -33656055 - 2?
-33656060
In base 14, what is 2 - 6d046?
-6d044
In base 9, what is -1 + -4884?
-4885
In base 15, what is 2d - -4b2?
4e0
In base 14, what is -1 + 2c852?
2c851
In base 6, what is 422523 - 1?
422522
In base 13, what is -7365 - -16a?
-71c8
In base 2, what is 11001 + -10000001111?
-1111110110
In base 8, what is -7313410 - -1?
-7313407
In base 14, what is -4 + -7552b?
-75531
In base 14, what is 5b + dc?
159
In base 12, what is 3850b - -3?
38512
In base 13, what is -1037cc1 - 4?
-1037cc5
In base 3, what is 0 + 20112100?
20112100
In base 2, what is -101 + -1011111000011000?
-1011111000011101
In base 6, what is 211223055 - -1?
211223100
In base 12, what is 189ab - -36?
18a25
In base 5, what is -11124 + -3133?
-14312
In base 13, what is -27b - 195?
-443
In base 2, what is 1000101011010001101 - 1?
1000101011010001100
In base 11, what is -39 + 92?
54
In base 15, what is -1bd3 - 27?
-1c0a
In base 7, what is 164 - 341?
-144
In base 15, what is -2637b + 1?
-2637a
In base 8, what is -5504 + -27?
-5533
In base 13, what is 5 + -3862?
-385a
In base 3, what is -1201111111 - 0?
-1201111111
In base 7, what is 1336260 - -5?
1336265
In base 9, what is 16 + -5480?
-5463
In base 6, what is -33520 - 1450?
-35410
In base 2, what is -11000 + -101101110100000?
-101101110111000
In base 3, what is -12 + -1020012?
-1020101
In base 9, what is 162 + 2462?
2634
In base 16, what is c - 7afb?
-7aef
In base 7, wh